 0 = -4*n + 5*a - 25. Suppose n = 25*b - 21*b - x. What is the hundreds digit of b?
1
Suppose -6*i + 30 = -0*i. Suppose i*a - 305 = 180. What is the units digit of a?
7
Suppose 5*b + 9*m - 103826 = 0, 453*b + 4*m = 450*b + 62304. What is the ten thousands digit of b?
2
Let b = 17 + 1. Suppose -b*x = 9*x - 7533. What is the hundreds digit of x?
2
Let l be 1/4 - 936/(-96). Let m(g) = -11 - 64*g**2 + 73*g**2 - 25 - l*g. What is the units digit of m(-3)?
5
Let g be ((-60)/(-4))/3 - 3/1. Suppose 0 - 1 = -g*u - 3*q, 2*u - 13 = q. What is the units digit of u/(-35) + (-120)/(-7)?
7
Let t be -286 + ((-36)/6)/(-3). Let z = t + 345. What is the units digit of z?
1
Let k(j) = -566*j - 1738. What is the ten thousands digit of k(-26)?
1
Suppose 42*r + 73593 = 5*y + 41*r, 2*r = 2*y - 29450. What is the tens digit of y?
1
Let x = -540 + -51. Let i = x - -1148. What is the hundreds digit of i?
5
Let h = -537 - -1978. Let u = h + -879. What is the units digit of u?
2
Let s(g) = g**3 + 49*g**2 + 37*g - 580. What is the thousands digit of s(-46)?
4
Suppose -14*z = -4*y - 9*z + 2059, -5*z = -5*y + 2580. Suppose -y = -5*x + 309. What is the units digit of x?
6
Suppose o - 19*u = -17*u + 8961, 3*u = -3*o + 26910. What is the units digit of o?
7
Let k(a) = 5276*a + 2569. What is the thousands digit of k(4)?
3
Let q = 7 + -2. Suppose 3*b - 3*y + 1050 = 6*b, -12 = 3*y. Suppose q*a - 10*a + b = -2*d, -138 = -2*a - d. What is the tens digit of a?
7
Let v = 33294 + -10923. What is the ten thousands digit of v?
2
Suppose -42*p + 12*p - 116926 = -64*p. What is the tens digit of p?
3
Suppose -34*s - 4525 = -9*s. Let m = s + 775. What is the units digit of m?
4
Let b(h) = -11*h**3 + 5*h**2 + 7*h + 9. Let c be b(-2). Let w = c + -49. What is the units digit of w?
4
Let f be (-1)/2*-2*(15 - 12). Suppose 2*a - 169 = -3*o + 165, 167 = a + f*o. What is the tens digit of a?
6
Let f(r) = 9*r**2 + 7*r + 47. Let q = 210 - 217. What is the tens digit of f(q)?
3
Suppose -9421 = 17*n - 32966. Let c = n - 970. What is the hundreds digit of c?
4
Let o(c) = c**3 - 5*c**2 + 12*c - 19. Let q be o(6). Suppose -20 = -5*v, -3*v = 3*n - q + 14. Suppose -4*a + n - 13 = 0. What is the units digit of a?
2
Let k = 65 + -69. What is the hundreds digit of k/(-24) + 7*(-214)/(-12)?
1
Suppose -189*m - 73986 = -227*m. What is the hundreds digit of m?
9
Let h = 32937 + -22946. What is the tens digit of h?
9
Suppose 4*p - 724 = -4*g + 1056, -2*g + 1336 = 3*p. Let v = p - -600. What is the thousands digit of v?
1
Let l be (20 - 0)*51/(-85). Let d = 49 + l. What is the tens digit of d?
3
Suppose 5741 = h - 4*c - 467, -2*c - 18574 = -3*h. What is the hundreds digit of h?
1
Suppose 3*n - 2*n = 1953. Suppose -613 + n = 2*y. What is the hundreds digit of y?
6
Let j be 15/(((-8)/(-20))/(204/(-45))). What is the hundreds digit of (j/(-6))/(4/24)?
1
Suppose 3*u + 7720 = 5*s - 21273, -2*s - 3*u = -11593. Suppose s = 4*i + 22*i. What is the tens digit of i?
2
Let t(s) = -2915*s - 7123. What is the ten thousands digit of t(-6)?
1
Let s be (-16)/16 + 19 + 0/1. Let l be (131/(-12) + (-12)/16)*s. Let x = -106 - l. What is the units digit of x?
4
Let d(v) = -117 - 97 - 16*v + 2*v**2 + 35 + 42. What is the units digit of d(19)?
1
Suppose -n - 78 = -81. Let m be ((-4)/(-10))/(n/375*5). Suppose 348 = -8*f + m*f. What is the units digit of f?
4
Let r = 3533 - 1784. Let c = 49 + -44. Suppose r = c*h + 6*h. What is the hundreds digit of h?
1
Suppose -2369*p + 2363*p + 33582 = 0. What is the thousands digit of p?
5
Let f(c) = 2*c**2 + 66*c + 13. Let z = 334 - 368. What is the tens digit of f(z)?
8
Suppose -2192 = -4*a - 5*k, 6*k + 2740 = 5*a + 4*k. Let o = a - 238. What is the units digit of o?
0
Let t = -101 + 356. Suppose t = 7*g - 886. What is the hundreds digit of g?
1
Let c = -364 + 365. What is the units digit of 46*(c/4 + (-84)/(-16))?
3
Let o(p) = p**3 - 9*p**2 - 10*p + 11. Let x be o(10). Let b = x + -3. Suppose 0 = -b*i + 12*i - 84. What is the tens digit of i?
2
Let o(k) = 2477*k - 1029. What is the thousands digit of o(7)?
6
Let q = 26228 + -17944. What is the units digit of q?
4
What is the hundreds digit of (-59)/(6/(5 - 3635)) + -6?
6
Let z(r) = r**2 + 24*r + 495. What is the tens digit of z(74)?
4
What is the tens digit of 25/(-10)*197*(-144)/40?
7
Suppose 147*k - 152*k = 4*r - 132562, -4*r = -2*k + 53008. What is the ten thousands digit of k?
2
Let s = -7458 + 12781. What is the units digit of s?
3
Let l be 94 - ((-22)/143 + (-54)/(-13)). Suppose 0 = 4*g + 446 + l. What is the units digit of 112/80 + (-6)/(-10) - g?
6
Let q(h) = -3584*h - 3770. What is the hundreds digit of q(-12)?
2
Let v(i) = -3*i**3 + 2*i**2 - 17*i - 2014. Let j(n) = -n**3 + n**2 - 6*n - 671. Let f(p) = 11*j(p) - 4*v(p). What is the hundreds digit of f(0)?
6
Suppose -94*d = -105*d + 27027. What is the units digit of d?
7
What is the units digit of (25428/273)/(3/252)?
4
Let r(p) = -4*p**2 + 16*p - 32. Let z = -25 - -35. Let m be r(z). What is the units digit of (0 + (-45)/2)*m/102?
0
Suppose 0 = -4*d - 3 - 9, 14 = 4*f - 2*d. Suppose -10 = -f*c - 3*c. What is the tens digit of c/(-7) + 3738/49?
7
Let q be (2/(-4))/((-3)/12). Let c be (-1 + 3/q)/(8/(-112)). Let i(r) = -23*r + 20. What is the units digit of i(c)?
1
Suppose 241*j + 9927918 = 640*j. What is the thousands digit of j?
4
What is the tens digit of 32 - 15117553/(-387) - ((-16)/(-18))/2?
9
Let a(y) = 4*y**2 - 11*y + 14. Let i be a(12). Suppose 3*f = -5*j + 566, 0*f + 5*f = -4*j + i. What is the units digit of j?
2
Let r = -125 + 126. Let m be (((-235)/(-20))/1)/(r/16). Let x = 64 + m. What is the hundreds digit of x?
2
Let w be 21/(-84) + (-74)/(-8). Suppose 5*x - 29 = 2*t, -3*t = 5*x - 2*x - w. What is the units digit of -4 + (4 - -2) + t/(-2)?
3
Let w = 7859 - -368. Suppose 6*l - 3989 = w. What is the thousands digit of l?
2
Let m = 54 + 20. Suppose 0 = -76*r + m*r + 272. What is the units digit of r?
6
Let p = -2039 + 4430. Let o = -1661 + p. What is the units digit of o?
0
Suppose 21237 = -4*a + 16*a + 3*p, 0 = -5*a + 4*p + 8833. What is the thousands digit of a?
1
Let m = -126 - -121. What is the units digit of 1012/12 + m/15?
4
Suppose -30*d = -39*d + 180. What is the tens digit of 3310/d + 5 - (-1)/2?
7
Let c be ((-36)/16 - 1/(-4)) + 2. Suppose -b + 6*b + 3*u - 5 = c, -2*b + u = 9. What is the tens digit of 0 - ((-48)/4 + b)?
1
Let p = 242 - 246. What is the hundreds digit of (24/p)/6*1 + 968?
9
Suppose -3*y - 4 = -4*a + 11, 0 = -4*a - 2*y + 30. Let u be -5 - (-68)/12 - (-1550)/a. Suppose 0 = -8*x + x + u. What is the tens digit of x?
3
Suppose -2*u + j = -3130, -80*u = -79*u - 3*j - 1575. What is the thousands digit of u?
1
Let n be ((-17)/(-51))/(5/(-6) - -1). Suppose 0 = n*a + 12*b - 16*b - 1318, -3*a = -3*b - 1980. What is the hundreds digit of a?
6
Let s be (-7)/14 + (-66)/(-4) - (-56)/(-8). Let u(k) = 376*k**2 + 3*k - 7. Let z be u(-5). What is the tens digit of z/81 - (-2)/s?
1
Let u = 16410 + -7259. What is the units digit of u?
1
Suppose 3*t - 5*t - 54 = 0. Let l = 29 + t. Suppose l*o - 182 + 6 = 0. What is the tens digit of o?
8
Suppose p - 19879 = 5*v, 2*p = 63*v - 65*v + 39794. What is the thousands digit of p?
9
Let d(w) be the third derivative of 0*w - 2/3*w**3 + 0 - 11*w**2 - 1/24*w**4. What is the units digit of d(-12)?
8
Let s(g) be the third derivative of g**5/20 + 11*g**4/24 + 11*g**3/6 + g**2. Suppose 315 = 7557*a - 7592*a. What is the units digit of s(a)?
5
Let b = -26 + 21. Let l = b - -68. What is the tens digit of 6516/l - (-8)/14?
0
Let s be ((-6)/(-4))/(((-18)/(-24))/(-1)). Let n = s - -5. Suppose 0 = n*f + 4*q - 196, -334 = -5*f + q - 4*q. What is the units digit of f?
8
Suppose 2547 = 4*u + 3*c, -2*u + 637 = -u + c. Let m = 865 - u. What is the units digit of m?
9
Let c(y) = -38789*y + 36. What is the hundreds digit of c(-1)?
8
Let c(m) = 14*m**2 + 3*m + 32. Let o be c(-11). Suppose 5*u = 4*s + o, 3*s - 8 = -14. What is the units digit of u?
7
Suppose o - 2*c - 14391 = 0, -5*o + 57*c - 52*c = -71945. What is the units digit of o?
7
Suppose -418 = -7*q + 114. Suppose -236 = -2*a - 5*t, a - 2*t - 173 + 37 = 0. Let x = a - q. What is the tens digit of x?
5
Let f(t) = 3932*t**2 + 8*t - 8. What is the hundreds digit of f(2)?
7
Let t(i) = -i**3 + 8*i**